alculate the highest common divisor of 617400 and 380.
20
What is the greatest common factor of 19649232 and 144?
144
What is the greatest common divisor of 996 and 20667?
249
Calculate the highest common factor of 352435140 and 240.
60
Calculate the highest common factor of 546 and 10526256.
78
What is the greatest common factor of 25433361 and 243?
9
Calculate the highest common divisor of 14961017 and 69.
23
What is the greatest common factor of 380 and 88251390?
190
Calculate the greatest common divisor of 84 and 118238022.
42
Calculate the highest common factor of 209308712 and 1368.
152
What is the greatest common divisor of 8502 and 153660570?
654
What is the highest common factor of 7261191 and 147?
21
What is the highest common divisor of 223212 and 20786?
38
What is the greatest common divisor of 255190 and 1484158?
338
What is the highest common factor of 920 and 41534550?
230
Calculate the highest common factor of 1270 and 655701.
127
Calculate the highest common factor of 9096353 and 28.
7
Calculate the greatest common divisor of 1027985 and 15456.
161
What is the highest common divisor of 30 and 723434?
2
Calculate the highest common factor of 373434720 and 10.
10
What is the highest common factor of 36380255 and 425?
85
Calculate the highest common factor of 13920 and 240230.
10
What is the greatest common factor of 601 and 26903?
1
What is the greatest common divisor of 8 and 41047672?
8
Calculate the greatest common divisor of 238281288 and 15456.
3864
Calculate the greatest common divisor of 28302 and 258189.
267
What is the greatest common factor of 372 and 122156058?
186
What is the greatest common divisor of 5246 and 20808259?
2623
What is the highest common factor of 170505 and 23715?
45
Calculate the greatest common divisor of 3261357 and 198.
99
What is the highest common factor of 204 and 7790624?
68
What is the highest common divisor of 22 and 1853347045?
11
Calculate the greatest common divisor of 13225 and 14270833.
529
Calculate the greatest common factor of 2734 and 7924.
2
Calculate the highest common factor of 4014 and 621724.
446
Calculate the greatest common factor of 3115507 and 5469.
1823
Calculate the highest common factor of 819 and 1222572.
39
Calculate the greatest common factor of 8599658 and 122.
122
What is the highest common divisor of 26933837 and 406?
203
What is the greatest common factor of 46 and 395554?
46
What is the highest common factor of 904111048 and 16?
8
Calculate the highest common factor of 641442 and 8.
2
Calculate the greatest common factor of 38548630 and 2250730.
13010
What is the highest common divisor of 79182720 and 5040?
720
What is the greatest common factor of 350966 and 791131?
583
Calculate the highest common factor of 10570 and 259871.
151
What is the greatest common divisor of 1571 and 99665811?
1571
What is the highest common factor of 2082606 and 2088?
174
What is the greatest common factor of 317210634 and 2028?
1014
What is the highest common factor of 481920 and 369856?
64
What is the highest common factor of 2277348 and 4242?
606
Calculate the greatest common factor of 6951297 and 2533.
149
Calculate the greatest common divisor of 521070 and 167374.
3158
Calculate the highest common divisor of 527929191 and 27.
27
Calculate the greatest common factor of 52339786 and 24.
2
What is the greatest common divisor of 8417806 and 4?
2
Calculate the greatest common factor of 70 and 3181357340.
70
What is the highest common factor of 670 and 7827275?
335
What is the greatest common factor of 255565 and 109810?
395
What is the highest common divisor of 698775 and 2100?
525
What is the highest common factor of 2468 and 2048?
4
Calculate the highest common divisor of 73901 and 4824.
67
Calculate the greatest common factor of 453063 and 169.
13
Calculate the highest common divisor of 303544 and 231439.
19
What is the greatest common divisor of 102 and 87865401?
51
Calculate the highest common divisor of 28963020 and 780.
60
What is the greatest common divisor of 18359835 and 2847?
39
What is the greatest common divisor of 96 and 84228528?
48
Calculate the greatest common divisor of 3842540 and 195.
65
Calculate the highest common factor of 18 and 9421119.
9
Calculate the highest common divisor of 36 and 4459896.
36
Calculate the highest common divisor of 6210854 and 299.
13
Calculate the highest common factor of 2332 and 309772969.
583
What is the greatest common factor of 35885472 and 32?
32
What is the highest common divisor of 295912 and 2736399?
787
Calculate the greatest common factor of 13592172 and 20328.
1452
Calculate the greatest common factor of 197204 and 734188.
28
What is the greatest common divisor of 498 and 514218?
6
What is the highest common factor of 20 and 4294155?
5
Calculate the greatest common factor of 180995 and 265.
265
What is the greatest common divisor of 1101 and 91061875?
367
What is the greatest common factor of 3299461 and 33?
11
What is the highest common divisor of 857 and 28076?
1
What is the greatest common factor of 2672 and 56208?
16
Calculate the greatest common divisor of 368 and 62476.
4
What is the highest common factor of 430058 and 20200?
202
Calculate the highest common factor of 342550 and 1235.
65
What is the greatest common divisor of 322143 and 342016?
167
What is the greatest common divisor of 135 and 96051300?
15
What is the highest common factor of 4078 and 47551519?
2039
What is the highest common divisor of 19845 and 2940700?
35
What is the highest common divisor of 14 and 305143237?
7
Calculate the highest common divisor of 30411 and 1124463.
93
Calculate the highest common divisor of 70774308 and 660.
132
Calculate the highest common factor of 174754971 and 534.
267
What is the highest common divisor of 6699 and 86732910?
957
Calculate the highest common factor of 150380919 and 4689.
4689
What is the highest common factor of 49853423 and 307?
307
Calculate the greatest common factor of 9845 and 63855565.
895
Calculate the greatest common factor of 19965088 and 286.
286
What is the greatest common divisor of 48 and 17528800?
16
What is the greatest common divisor of 292 and 6320194?
146
What is the highest common factor of 31295264 and 52624?
2288
Calculate the greatest common factor of 5223607 and 63002.
1853
What is the greatest common factor of 256 and 33179456?
64
What is the greatest common factor of 189547276 and 4?
4
Calculate the highest common factor of 151568032 and 51786.
1918
What is the greatest common factor of 20504862 and 36?
18
What is the greatest common factor of 44243 and 1641972?
293
Calculate the highest common factor of 2409189 and 45687.
291
Calculate the greatest common divisor of 171254591 and 1559.
1559
Calculate the highest common divisor of 295 and 129917351.
59
Calculate the greatest common factor of 982 and 3961879.
491
What is the greatest common factor of 69723915 and 366?
183
What is the highest common factor of 25718 and 3421663?
1169
Calculate the greatest common divisor of 1283059 and 15748.
31
Calculate the highest common divisor of 314535 and 156461.
1613
What is the highest common factor of 5336 and 4225416?
232
What is the greatest common divisor of 80 and 57900032?
16
What is the highest common factor of 2106 and 6148332?
54
What is the greatest common factor of 444 and 845797060?
148
Calculate the highest common factor of 15416 and 210248.
328
Calculate the highest common divisor of 6312 and 73222356.
3156
What is the greatest common factor of 42915438 and 1476?
738
What is the greatest common factor of 30164 and 3764?
4
What is the highest common factor of 5725370 and 11125?
445
What is the highest common divisor of 1764 and 21271488?
588
What is the greatest common divisor of 624 and 3345849?
39
What is the highest common divisor of 2752485 and 60?
15
Calculate the greatest common divisor of 18467940 and 48.
12
What is the greatest common divisor of 110 and 8296150?
10
Calculate the highest common divisor of 45391802 and 34.
34
Calculate the highest common factor of 2489 and 303749.
1
Calculate the highest common divisor of 20 and 14160430.
10
What is the greatest common factor of 429 and 189879339?
39
What is the highest common factor of 1732100 and 860?
20
What is the gre